-3 + 13 + 1 - (-26 + 7 + 0 - -1)
29
Evaluate -15 + ((14 - 15) + -8 - -18).
-6
What is -1270 + 1280 + (-32 - (6 + (-1 - 3)))?
-24
-42 + (-35 + 86 - -11)
20
What is -14 - -14 - (2 + 11) - (1 + -6)?
-8
What is -7 + 1 + 1 - (36 - 7) - 8?
-42
64 - -1 - ((175 - 283) + 128)
45
(2 - 56) + 326 + -283 - (-77 + -1)
67
Calculate 26 + -3 + -12 - 12 - 43.
-44
(-270 - -336) + (4 + -13 - -1) + -2 + 1
57
-1 - 9 - (38 - (54 - 50))
-44
Evaluate (1 - 2) + (-5 - 21) + (31 - 33).
-29
What is the value of 0 + (42 - 4) + (-51 - -68) + -17?
38
Evaluate (-412 - -380) + (-26 - (0 + -7)).
-51
Evaluate (4 - (8 - 8)) + 72 + -147 + 17.
-54
What is -93 + -1 - (1859 - 1900)?
-53
What is the value of (33 + (-44 - -26) - 38) + 105?
82
What is (-11 - -17 - -13 - 10) + (-1 - -10)?
18
39 - (9 + -6 + (-31 - -32))
35
Evaluate -18 + 12 + 132 + -32 + 1.
95
What is the value of 10 + -3 - (44 + (106 - (-12 + 38)))?
-117
Evaluate 0 - 5 - -1 - (36 - 42).
2
Evaluate -52 + 54 + 29 + -29.
2
What is the value of 22 + -13 + -20 + 5 + (7 - 1 - 7)?
-7
-71 + -31 + 58 + 21
-23
What is the value of 18 + (9 + -30 - -1) + -11?
-13
Evaluate 215 + -216 - (-8 + -2) - 31.
-22
Calculate (5 + -13 - -12 - -10) + -55 - -8.
-33
What is the value of (9 + -1 + (234 - 245) - (-2 - -3)) + 39?
35
What is 48 + (84 - 147) + -1 + 0?
-16
What is the value of (-17 - (-2 - (-1 - -2))) + (-1201 - -1152)?
-63
Calculate (54 - 63) + (-13 - -6) + 37.
21
What is (50 - 87) + 68 - 65?
-34
Calculate (0 - -7 - 8) + -41.
-42
-493 + 516 + 1 + 4
28
-1 + -12 + 89 + -142 + 9 + 5 + -4
-56
What is the value of 28 - ((25 - 24) + 11 + 26)?
-10
-5 - (3 - (-16 - -9 - ((-45 - 4) + -3)))
37
Calculate -334 - (124 - 439) - (-1 - -1 - -100).
-119
Calculate (0 + 10 - (7 + 12)) + 10.
1
Evaluate 11 - (0 + -2) - 1 - (807 - 825).
30
What is the value of 29 + -64 - -73 - 28 - 49?
-39
What is 47 + -63 + 39 + -4 + 69?
88
What is (-1 - -24) + 4 + 86 + -66?
47
What is -35 + -1 - ((14 - (-13 - (9 + -34))) + 1)?
-39
What is 14 - (-18 + 10 + 32 - (-3 + 10))?
-3
Calculate -42 - (322 - 335 - (-9 - 1)).
-39
What is the value of 5 + 43 - (398 + -390)?
40
Evaluate 24 + 3 + -161 + -3 + 33.
-104
Calculate -2 + 1 + 100 + (78 - 134).
43
Calculate (-26 - -7) + 9 + (-3 - -2 - -11) - 45.
-45
What is (-3 - (-1 + -15)) + (-2574 - -2616)?
55
What is (-19 - (-52 - -11) - 23) + 14 + -1?
12
Evaluate 4 + 4 + 2 - (10 + (5 - 15)) - 9.
1
25 - (-6 - 1) - 11
21
(-44 - -1) + 3411 + -3350
18
What is 5 + 12 + -4 + (-8 + -3 + 13 - -39)?
54
144 + -138 + (-9 - (0 + 6)) - (0 + 2)
-11
Calculate 29 + (-905 - -918 - (37 + 1)).
4
Evaluate (19 - -5) + (-4 - -13 - -2).
35
What is 7 - (20 + -15 - ((3 - -4 - 2) + -4))?
3
Calculate (6 - (4 - (-27 + 6))) + (106 - -10).
97
Calculate 26 - (-11 - -86) - -75.
26
17 + 39 + 13 + (-6 - 28)
35
What is (-33 - -37) + (4 - (-1 - -4) - (-40 + 98))?
-53
Evaluate -29 + -25 + 22 + 19 + 40.
27
(44 - ((8 - (1 - -20)) + -6)) + -9
54
What is the value of -12 + 3 + (-21 - -128) + 1?
99
Evaluate (266 - (117 + -46)) + -134.
61
Calculate (389 - 350) + 10 + -3 + 1 + -10 + 0.
37
What is 4 - (58 - 71 - (19 + 3))?
39
Evaluate 92 - -3 - (-8337 - -8377).
55
What is (41 - 118) + 37 - -5?
-35
Calculate -26 + 91 + (115 - 97).
83
What is the value of 20 + -20 + 65 + (7 - 3)?
69
Evaluate -17 + 37 - (49 + 19 + -17).
-31
What is the value of (4 - 1) + (-2 + 19 - (-29 + 42 + -18))?
25
Calculate -29 + (-35 - (-68 + 29) - -2).
-23
What is the value of -2 + -1 - -3 - (-13 + (47 - 50))?
16
57 - (-24 + 162) - -7
-74
Calculate 4 + (36 + -1 + -10 - -10 - -13).
52
Evaluate 3 - (19 - (2 - (4 + 9 + -24))).
-3
Evaluate (176 - 124) + (-19 - (6 - 6)).
33
Calculate (-44 - (-46 + -3)) + 6.
11
Calculate 8 - (-28 - (18 - 26)).
28
Calculate (-5 + -1 - 2) + (-11 - (-45 + 9)).
17
What is -9 - ((-6 - (-3 + -7)) + -106 - 0 - -13)?
80
0 + -11 + (-15 - -70) + (0 - (1 - 3))
46
What is 6 + (11 - 20 - (4 + -2 + 11 + -5))?
-11
What is (-6 - 0) + (-77 - -73) - (2 + 11 - 3)?
-20
Calculate (0 + -9 - (477 - 484)) + (-5 - -9).
2
Evaluate -27 + (20 - -18) - (1 + 7 - 70).
73
What is (-45 - (-13 + 49)) + 3?
-78
(0 - 49) + 1 - -31
-17
What is the value of -62 + (-68 - -108) + (-9 - 0) - (11 + 0)?
-42
What is -19 - (-2 + 62 - -18 - -14 - 21)?
-90
(-1 + 16 - (98 + -122)) + -21
18
What is the value of (121 - 130 - (-4 - 10)) + -94 + (0 - 0)?
-89
Calculate (-79 + -5 - -23) + (4 - 3) + 1.
-59
Calculate 70 - (-3 - (-86 + 58)).
45
-46 + 22 + 52 + -22
6
Calculate (27 - (5 + 11 + 6)) + 42 + (10 - 3).
54
-8 - (-3 + (14 - 7) - (-23 - 33))
-68
What is 4102 + -4134 + (2 - -29)?
-1
57 + 51 + (-4 - 17) + (1 - (-3 - 7))
98
What is -83 - (19 + 68 + -175)?
5
Evaluate 25 - (24 - ((16 - 9) + -22)).
-14
What is -27 - (-39 + (-50 - -18))?
44
What is 34 + (2 - 31) + -3?
2
Evaluate -19751 + 19717 + (-1 + 1 + 1 - -18).
-15
(21 - 4) + (-183 - -168) - -92
94
Evaluate 20 + (3 - -4) + -66.
-39
What is the value of -36 + 37 + (0 - -2) + 11 + (9 - -74)?
97
-43 + -34 + -53 + 37 + 29
-64
Calculate 60 + 27 + -55 - (6 - (2 - 0)).
28
Evaluate 56 + (12 - 1 - (-76 - -105 - (16 + 0))).
54
0 + 99 - (32 - (29 + 0) - 23)
119
Calculate -68 - (-16 - (43 + -4)).
-13
What is the value of 6 - (-10 + (91 - 160))?
85
Calculate -34220 + 34175 - ((2 - (0 - -2)) + -1).
-44
What is the value of -46 + -103 + 170 + (-3 - -1 - 28)?
-9
What is the value of 5 + (14 - 23) + 7?
3
(16 - 12 - -11) + -2 + (101 - -3) + 0
117
Evaluate -11 + (2 - (1 - 1)) - (-274 - -290).
-25
Evaluate 1 + 10 + (63 - -16) + -21 + -26 + 6.
49
Calculate 18 - 63 - (-15 + 19).
-49
What is 1 + (3 - (-7 - -4)) + (-36 - -8)?
-21
Calculate -1 + 6 + -3 + (-9 - -14 - 14) + 6.
-1
Evaluate -61 + 1 + -11833 + 11965.
72
Calculate -82 - -32 - -59 - (-3 + 3 - -79).
-70
What is the value of (-26 + (-21 - -22 - -21) - -27) + -10 + 0?
13
What is the value of -20 - (8 + 16 + -18 - 12)?
-14
Calculate 37 + (12 - (-5 + 34)) + 4 - -7.
31
Evaluate 128 + 64 + -30 + 14 + -29 + -2.
145
What is the value of 39 + -61 + 50 + -1 + 1 + -1 + -2?
25
What is the value of (21 + -98 - -62) + -5 + 2?
-18
Calculate -18 + -9 + 23 + 39.
35
(-2469 - -2477) + (4 + -1 - 4) + -1 + -67
-61
Calculate 2 + 4 - (57 + (-18 + 7 - 3)).
-37
Evaluate -10 + (85 - -101 - 69).
107
What is -34 - (-156 - -57 - 10)?
75
What is the value of -4700 - -4911 - (126 + -2)?
87
Calculate 2 - ((0 - -60) + (11 - 16)).
-53
Calculate 4 - (3 - (-11 + -2)) - (12 - 7).
-17
Evaluate (-81 - -3) + 17 + -16 + 3 + -1 + -6.
-81
What is (-7069 - -7055) + (0 - -1 - 7)?
-20
What is the value of 23 - 0 - 2 - (49 - (21 + 24 + 11))?
28
57 - (103 + -45) - -27
26
What is the value of 10 + (-21 - -17 - -18 - (-2 + -3))?
29
Evaluate (-39 - 102) + 181 - (17 - (-2 - -2)).
23
What is (33 - 3) + (-606 - -576) + -58 + -2?
-60
What is the value of 4 + -1 + (918 - 923) - ((2 - 0) + 1)?
-5
What is (-2 - -1) + (29 - 58) + 24 + (-19 - -1)?
-24
Calculate (-284 - (-44 - 120)) + 54.
-66
Calculate 4 - -45 - (128 - 125).
46
What is -111 + 1 - (-80 - -55)?
-85
(-33 - 20) + 24 + -13
-42
Evaluate 14 - (-2 - ((-5 - -3) + (-6 - -8) + 5)).
21
(596 - 588) + 25 + (-2 - -2)
33
Calculate -6994 - -7090 - (145 + -1).
-48
Calculate 3 - -84 - ((-17 - 16) + (-7 - -37)).
90
-60 + 50 - 11 - (20 + 0)
-41
(-1131 - -1167) + -36 + 1
1
Evaluate 35 - (44 + (32 - (26 + -7))).
-22
What is (4 - 0) + 20 + -8 + -20 + 40?
36
Evaluate -42 + -3 + 36 - (21 - (0 - 1)).
-31
Evaluate -108 + 185 + -58 + -84.
-65
109 + (-117 - 134) - (1 + -8 + -2 + 1)
-134
What is -40 + 16 + (-4 - 11) - -11?
-28
What is the value of -72 + 52 + -77 - -64?
-33
What is 9 - (63 + -13 + 4)?
-45
2 - (-6 - -21 - (12 - 10)) - -67
56
Calculate 11 - 77 - -25 - 0.
-41
Evaluate 0 + -9 + -1 + 9 + (28 - 0) + -42.
-15
-22 - 12 - 2 - (-118 - -6)
76
What is -26 + (-4 - -65) - 64?
-29
11 - -17 - 22 - ((14 - (0 + -1)) + -7)
-2
Calculate 7 + 15 + 20 + -9 + -6.
27
Evaluate -9 - (2 + (16 - (10 - -17)) - (68 + 1)).
69
What is -9 - (-3 - (2 - 3) - 1 - (-540 + 527))?
-19
90 + -73 + -25 - (1 + 1 + 44)
-54
What is the value of (304 - (19 + 70)) + -93?
122
What is -32 - 3 - (4 - ((-1 - -12) + 1))?
-27
Evaluate (-48 - 24 - -112) + (28 - -1).
69
-2 - (-3 - (26 - (0 + -1)) - (-5 - -4))
27
Evaluate 36 + (-60 - -37 - 28) + (0 - 39).
-54
-16 + -8 - (-44 - 3) - -9
32
What is the value of 10 - (198 + -182 - (-60 - 4))?
-70
2 + 37 + (-9 - ((3 - -7) + -27))
47
Evaluate 0 + (13 - (-12 - -24) - 5